highest common factor of 45653 and 97093?
643
What is the highest common divisor of 11718 and 310?
62
What is the greatest common factor of 1722 and 1470?
42
What is the greatest common factor of 1830062 and 78?
26
Calculate the highest common divisor of 7353 and 286509.
129
What is the greatest common factor of 742 and 3127?
53
Calculate the greatest common divisor of 505 and 177.
1
What is the greatest common factor of 165 and 803295?
15
What is the highest common factor of 55 and 98659?
11
What is the greatest common factor of 77 and 28637?
7
What is the highest common factor of 1170 and 151290?
90
Calculate the greatest common factor of 3138 and 366.
6
Calculate the greatest common divisor of 50 and 251990.
10
Calculate the highest common factor of 139616 and 22.
2
Calculate the greatest common factor of 264 and 12386.
22
Calculate the greatest common factor of 1215 and 6735.
15
Calculate the highest common divisor of 2754 and 10287.
81
What is the highest common divisor of 4381 and 4121?
13
What is the greatest common divisor of 140 and 3683680?
140
Calculate the greatest common divisor of 3 and 10749.
3
Calculate the greatest common factor of 264 and 4392.
24
Calculate the highest common factor of 206502 and 12192.
762
What is the greatest common divisor of 51 and 116322?
3
What is the greatest common factor of 2989 and 4067?
49
Calculate the greatest common divisor of 34434 and 4.
2
What is the highest common factor of 6125 and 945?
35
What is the greatest common factor of 359326 and 176?
22
What is the highest common divisor of 222 and 186924?
222
What is the greatest common factor of 8262 and 324?
162
What is the highest common factor of 1540728 and 36?
36
What is the greatest common factor of 22 and 1177?
11
Calculate the highest common divisor of 256296 and 32568.
1416
Calculate the highest common divisor of 720 and 13960.
40
Calculate the greatest common factor of 9816 and 396.
12
What is the highest common factor of 245595 and 105?
105
What is the highest common factor of 200 and 84275?
25
What is the greatest common divisor of 4 and 64378?
2
Calculate the greatest common divisor of 1769 and 7250.
29
Calculate the highest common factor of 6675 and 45.
15
What is the greatest common factor of 30 and 65136?
6
What is the greatest common factor of 192 and 172248?
24
Calculate the highest common factor of 702 and 1599.
39
Calculate the greatest common factor of 21244 and 7684.
452
What is the highest common factor of 21220 and 40?
20
What is the highest common factor of 210373 and 639?
71
What is the highest common factor of 15 and 3703485?
15
What is the highest common factor of 1670 and 484634?
334
What is the highest common divisor of 1964 and 1918828?
1964
Calculate the greatest common factor of 18709 and 477.
53
What is the highest common divisor of 1202198 and 5614?
802
What is the greatest common divisor of 179886 and 168?
42
What is the greatest common factor of 1 and 390337?
1
What is the greatest common factor of 2054325 and 21?
21
Calculate the greatest common divisor of 3896 and 200.
8
Calculate the highest common divisor of 2499 and 1470.
147
What is the highest common factor of 9 and 35487?
9
Calculate the greatest common factor of 1123300 and 8225.
1175
Calculate the greatest common factor of 131229 and 1260.
63
What is the greatest common divisor of 135 and 9865?
5
Calculate the highest common factor of 2370 and 240.
30
What is the greatest common factor of 5517 and 473849?
613
Calculate the highest common divisor of 5976 and 2573.
83
Calculate the highest common divisor of 2542 and 5146.
62
What is the highest common divisor of 1313 and 909?
101
Calculate the highest common factor of 1139418 and 126.
126
What is the greatest common divisor of 38582 and 22729?
191
What is the highest common divisor of 8534126 and 262?
262
Calculate the greatest common divisor of 378 and 39074.
14
Calculate the highest common factor of 729 and 21789.
81
What is the highest common divisor of 2990 and 41561?
299
Calculate the greatest common factor of 29 and 53563.
29
Calculate the greatest common divisor of 7203 and 10927.
49
What is the highest common divisor of 889 and 8575?
7
What is the greatest common divisor of 218592 and 4?
4
Calculate the greatest common divisor of 13032 and 11222.
362
What is the highest common factor of 250 and 250?
250
Calculate the highest common factor of 3807 and 5593.
47
Calculate the highest common divisor of 1352 and 8359.
13
Calculate the highest common divisor of 3 and 187899.
3
What is the greatest common factor of 345 and 1230?
15
Calculate the highest common divisor of 91504 and 688.
688
What is the highest common divisor of 18 and 3071286?
18
Calculate the highest common factor of 43483 and 219626.
737
What is the highest common divisor of 1452 and 210?
6
Calculate the greatest common divisor of 165074 and 112.
14
Calculate the highest common factor of 2768 and 275762.
346
What is the greatest common factor of 796816 and 176?
16
Calculate the highest common factor of 384 and 3180.
12
Calculate the greatest common factor of 196406 and 14.
14
What is the greatest common factor of 2150 and 18920?
430
Calculate the highest common factor of 352 and 74744.
8
What is the highest common divisor of 1664 and 3874?
26
What is the highest common factor of 1339056 and 1904?
272
Calculate the greatest common divisor of 208250 and 323400.
2450
Calculate the greatest common divisor of 46 and 60394.
2
Calculate the highest common divisor of 1503 and 53607.
501
Calculate the greatest common divisor of 5734 and 2196.
122
What is the highest common factor of 7101 and 54?
27
Calculate the highest common divisor of 5792 and 2816.
32
Calculate the greatest common divisor of 54 and 28224.
18
What is the greatest common factor of 108 and 1794690?
54
Calculate the highest common divisor of 118472 and 3514.
502
Calculate the greatest common factor of 8734 and 57962.
794
Calculate the greatest common divisor of 116399 and 68.
17
What is the greatest common divisor of 232 and 539922?
58
What is the highest common factor of 100760 and 360?
40
What is the greatest common factor of 493 and 340663?
493
What is the greatest common divisor of 30560 and 19840?
160
Calculate the highest common factor of 282678 and 66.
66
Calculate the highest common factor of 500 and 4880.
20
Calculate the greatest common divisor of 27130 and 15.
5
What is the highest common factor of 405408 and 24?
24
What is the greatest common factor of 112181 and 2?
1
What is the greatest common divisor of 251310 and 30?
30
Calculate the greatest common factor of 4785 and 363.
33
What is the highest common factor of 924750 and 18?
18
Calculate the highest common factor of 13827 and 363.
33
Calculate the highest common divisor of 474 and 3750.
6
Calculate the greatest common divisor of 414 and 456156.
18
Calculate the greatest common factor of 200411 and 14231.
107
What is the greatest common factor of 6846 and 294?
42
What is the highest common factor of 75 and 15195?
15
Calculate the highest common divisor of 272 and 1292.
68
What is the highest common divisor of 380086 and 2142?
238
What is the highest common factor of 7903 and 193059?
1129
Calculate the highest common divisor of 35775 and 25.
25
What is the highest common factor of 59740 and 35?
5
What is the highest common factor of 444 and 29933?
37
Calculate the highest common divisor of 1883 and 2639.
7
What is the highest common divisor of 146 and 86846?
2
Calculate the highest common factor of 162916 and 468.
52
What is the highest common factor of 550 and 6725?
25
Calculate the highest common divisor of 3556 and 219583.
889
Calculate the highest common divisor of 117 and 77493.
39
What is the highest common factor of 23214 and 2409?
219
What is the highest common factor of 23384 and 1580?
316
What is the highest common divisor of 88 and 6159692?
44
Calculate the greatest common divisor of 879358 and 760.
38
What is the highest common divisor of 1523360 and 80?
80
What is the greatest common divisor of 9 and 40248?
9
Calculate the highest common factor of 254871 and 9.
9
What is the highest common factor of 12644 and 2180?
436
Calculate the greatest common factor of 556 and 16819.
139
Calculate the h